 what is -18a + 1aba?
1930
In base 8, what is 21 + 1332602?
1332623
In base 12, what is -4a34a30 + -2b?
-4a34a5b
In base 3, what is -11111020 + 201010220?
112122200
In base 15, what is -365 + a2d7?
9e72
In base 10, what is -1374887 + -21?
-1374908
In base 11, what is -2a67 + a323?
7367
In base 11, what is -5 + 6038460?
6038456
In base 11, what is -12 + 529276?
529264
In base 6, what is 2412013355 - 3?
2412013352
In base 2, what is -11100011000011101110100 + -10000?
-11100011000011110000100
In base 13, what is -554578 - -20?
-554558
In base 14, what is b94a981 + -5?
b94a97a
In base 16, what is 46dd - -530?
4c0d
In base 15, what is -44 + cabb?
ca77
In base 10, what is 32221763 + 4?
32221767
In base 4, what is -32 - -23210332310?
23210332212
In base 8, what is 521275 - -1?
521276
In base 13, what is 37c48 - -4c?
37c97
In base 15, what is -1d - 23c1164?
-23c1182
In base 2, what is 10001 - -100000100000000100011?
100000100000000110100
In base 4, what is -1 - -22100330311231?
22100330311230
In base 10, what is -6391742 + 4?
-6391738
In base 4, what is -12 + -103020023?
-103020101
In base 12, what is -7 + -218057?
-218062
In base 9, what is 12 - 1015057?
-1015045
In base 16, what is -3a7f + 5fe?
-3481
In base 16, what is 2751 + -13f?
2612
In base 13, what is 4c - 509ac0?
-509a71
In base 14, what is 3 + 344500?
344503
In base 12, what is -5a92569 + 58?
-5a92511
In base 14, what is -3 - -106560?
10655b
In base 7, what is 2242460 + -4?
2242453
In base 7, what is -13034 - -12204?
-530
In base 3, what is -10 + 10000022201122101?
10000022201122021
In base 12, what is -278564 - 68?
-278610
In base 10, what is -145155416 + 0?
-145155416
In base 10, what is 21436376 + 3?
21436379
In base 10, what is -178 - -6276066?
6275888
In base 15, what is 1985a + -149?
19711
In base 3, what is 2001002210 - 220202?
2000012001
In base 16, what is 5a3 + 9db0?
a353
In base 11, what is -2 + -8991115?
-8991117
In base 12, what is -11828 + 353?
-11495
In base 3, what is 110222002 - -222102?
111221111
In base 4, what is -112011 - -112321220?
112203203
In base 4, what is 13131232211 - -21022?
13131313233
In base 10, what is 93066 - 10?
93056
In base 16, what is 74 - 29f09f?
-29f02b
In base 12, what is -8367a53 + -6?
-8367a59
In base 5, what is -31 - 1244214443?
-1244220024
In base 2, what is -100000 + 11001011010100011000011?
11001011010100010100011
In base 10, what is -11 - -16381563?
16381552
In base 16, what is -2fc545e + -3?
-2fc5461
In base 15, what is -69 + -15310?
-15379
In base 12, what is -1 + 1875943b?
1875943a
In base 6, what is 3203133314 + 12?
3203133330
In base 5, what is 110112330 - -112?
110112442
In base 2, what is 11010110011000110 - -10101000?
11010110101101110
In base 14, what is -3 + 29b11ca?
29b11c7
In base 4, what is -2313 + -323211?
-332130
In base 6, what is 2 + 1252254421?
1252254423
In base 5, what is 40421230 + 1304?
40423034
In base 9, what is 18 + 1174252?
1174271
In base 14, what is 93c8b + d?
93c9a
In base 10, what is 366578 + -20?
366558
In base 4, what is 11 - -310213101121?
310213101132
In base 6, what is -255 + 34524330?
34524031
In base 5, what is -44042 - 130021?
-224113
In base 5, what is 12104220442 - -4?
12104221001
In base 8, what is -2 - 35301526?
-35301530
In base 6, what is 3 - 112142233?
-112142230
In base 4, what is -1 - 1011122122121?
-1011122122122
In base 10, what is -1265 - 24726?
-25991
In base 7, what is -14441600 - 0?
-14441600
In base 16, what is 478 + -681?
-209
In base 8, what is 162044 - 1606?
160236
In base 14, what is -2961 - 7d5?
-3356
In base 6, what is 3351 + 45532?
53323
In base 10, what is -26853385 + 8?
-26853377
In base 9, what is -5070387 + -132?
-5070530
In base 13, what is 28083b - 74?
280797
In base 16, what is 66de4 - -3fd?
671e1
In base 2, what is -1001100 - -101000000010111011100101?
101000000010111010011001
In base 10, what is 0 + -22405185?
-22405185
In base 8, what is 40 - 23436620?
-23436560
In base 8, what is 36065 + -1346?
34517
In base 13, what is 30a + -5491?
-5184
In base 3, what is 0 - 20120011012222220?
-20120011012222220
In base 9, what is 2265 + 6727?
10103
In base 2, what is -1011 - -10110100010100000011?
10110100010011111000
In base 4, what is -22021 + -20301331310?
-20302013331
In base 3, what is -20021112010 - 12112111?
-20111001121
In base 9, what is 5 - 650302311?
-650302305
In base 16, what is -617 - -7d26?
770f
In base 12, what is 4 + 15172407?
1517240b
In base 9, what is -4118 - 5633?
-10752
In base 4, what is 1031332 - 102131?
323201
In base 11, what is 40a58567 - -4?
40a58570
In base 13, what is -11 + -1b4cb?
-1b50c
In base 4, what is -11111001322 - -31?
-11111001231
In base 12, what is -212 + -2a2b7?
-2a509
In base 7, what is -5 + -103004644?
-103004652
In base 7, what is -5052 + -316045?
-324130
In base 16, what is 9d + 1433d?
143da
In base 14, what is -98acd - -14?
-98ab9
In base 6, what is 2222 + 30314400?
30321022
In base 9, what is 12 + 2675076?
2675088
In base 8, what is 201 + -764215?
-764014
In base 9, what is 3 - -1463208?
1463212
In base 2, what is 101001111011011000101111110 - 101?
101001111011011000101111001
In base 10, what is 3 - -1037620?
1037623
In base 16, what is 16693 - 2c?
16667
In base 5, what is 112000010 + 4423?
112004433
In base 12, what is 0 - -236a230?
236a230
In base 7, what is -1266626424 - -5?
-1266626416
In base 6, what is 203 - 53124515?
-53124312
In base 12, what is 3 + -aa071?
-aa06a
In base 5, what is -1012041114 - 1?
-1012041120
In base 2, what is 100010 + 10101011110111010111?
10101011110111111001
In base 14, what is -b5986c + 0?
-b5986c
In base 2, what is -10011011001100111100 + 101101?
-10011011001100001111
In base 14, what is 46d68da - 1?
46d68d9
In base 7, what is -5 + -32050610?
-32050615
In base 11, what is 145 + 457042?
457187
In base 15, what is -5 + -15aaa2?
-15aaa7
In base 12, what is -21164 - 96a?
-21b12
In base 9, what is -1252462 - -31?
-1252431
In base 11, what is -1642425 + -3?
-1642428
In base 2, what is 1110111100000010100000 + 1010?
1110111100000010101010
In base 7, what is 125510024 + -5?
125510016
In base 15, what is 19d2e3 - -8?
19d2eb
In base 9, what is -302362805 - -5?
-302362800
In base 3, what is -101021 + -10021101200112?
-10021102001210
In base 2, what is 1110 + -11010111011011010100?
-11010111011011000110
In base 14, what is -c + 583b4?
583a6
In base 2, what is -101000001 + 100110110000?
100001101111
In base 6, what is -1122 + -1035254?
-1040420
In base 3, what is -22010022100202101 + -11?
-22010022100202112
In base 3, what is -11022010 - -1022210021?
1011111011
In base 4, what is 2232033 - -12023?
2310122
In base 15, what is -569b9 - -50?
-56969
In base 15, what is 73a18a + 6?
73a191
In base 9, what is 5231 - -1783?
7124
In base 2, what is 10000001 + -110110010001010?
-110110000001001
In base 7, what is -5056230 - 3605?
-5063135
In base 14, what is 93 + -29c7d1?
-29c73c
In base 2, what is 100 + 11001100110011111010?
11001100110011111110
In base 14, what is a9 - -17865?
17930
In base 12, what is -b28 - -1974a?
18822
In base 14, what is 4 + -55047c?
-550478
In base 8, what is -253055 + -174?
-253251
In base 4, what is 1322321 + 13200031?
21123012
In base 8, what is -1554 - 36323?
-40077
In base 6, what is -400 - -11142130?
11141330
In base 5, what is -2130110141 - -1?
-2130110140
In base 10, what is -75 + 2196707?
2196632
In base 5, what is 22123024 + -224?
22122300
In base 14, what is 4 - 4109030?
-410902a
In base 13, what is 451 + 136c?
17c0
In base 13, what is 1a - 1a2313b?
-1a23121
In base 16, what is 47c3 + aeeb?
f6ae
In base 15, what is 1 + 402b4d?
402b4e
In base 4, what is -10130 + 13030223?
13020033
In base 13, what is a + a6a?
a77
In base 15, what is -2b8 - 3535ca?
-353893
In base 15, what is 34e23 + 10a?
3502d
In base 2, what is -10000101000011001000100 + -10?
-10000101000011001000110
In base 8, what is -670361311 + 4?
-670361305
In base 2, what is 101100011101011 + 100000100100?
110000100001111
In base 14, what is 2d - -a33c?
a36b
In base 3, what is 1100120220012110 + 1120?
1100120220021000
In base 4, what is 1130010200 - -110?
1130010310
In base 16, what is f + -2b9b0b?
-2b9afc
In base 4, what is -32302010 - 1030?
-32303100
In base 10, what is -46361791 + -21?
-46361812
In base 8, what is 45 - 125101?
-1